- 106 + 49 + 16*j + 0*j**2 + 82 - 3*j**2. Determine f(9).
7
Suppose 30 = -209*k + 205 + 34. Let y(s) = 93*s**2 - 3*s + 2. Give y(k).
92
Let v(a) = a**2 + 12*a + 23. Let n be -1 + 3 + (-14 + 18 - -13). Suppose -u + 5*b = n, u + 2*b + 17 = 6*b. Determine v(u).
-4
Let s = 12218 + -12226. Let l(g) = -10*g - 10 + 3*g**2 - 2*g**2 - 2*g**2. What is l(s)?
6
Let v = -15 + 32. Let w = v - 17. Suppose 3*g + 5*f - 11 = -g, w = g + 4*f. Let h(r) = -r**3 + 4*r**2 - 2*r - 1. What is h(g)?
-9
Let j be (-2 - -2) + 0/(2 + 1). Suppose -4*r + 2*d + 3 + 13 = j, -d = 3*r - 12. Let v(k) = -2*k + 2. Give v(r).
-6
Suppose 0 = -21*i + 166 + 65. Suppose j + 2*g + g - i = 0, j - 6 = 2*g. Let r(s) = 3*s - 1 + j - 15 + 0. Determine r(6).
10
Let t = -7481 - -7484. Let w(i) be the second derivative of -3/20*i**5 - 9*i + 0*i**t - 1/2*i**2 + 0 + 1/6*i**4. Calculate w(1).
-2
Let j = 15 + -9. Let m(i) = 8*i**2 + 19*i. Suppose 11*o - 4*o = -35. Let h(t) = 11*t**2 + 28*t. Let b(z) = o*h(z) + 7*m(z). Give b(j).
-6
Let g(m) = 2*m**2 - 29*m + 186. Let a(f) = -f**2 + 15*f - 89. Let d(l) = 5*a(l) + 2*g(l). Determine d(7).
-3
Let t(x) = -x**2 + 2 - 14*x + 2*x**2 + 3*x. Let n(h) = -h**2 - 33*h - 189. Let d(y) = y**2 + 53*y - 253. Let r be d(-57). Let j be n(r). Calculate t(j).
2
Let r(l) = 7*l**3 - l**2 + 1. Let q be (-247)/(-38)*14/91. Determine r(q).
7
Let t(a) = 2*a**3 - 20*a**2 - 22*a + 2. Let z(k) = -187*k - 9339. Let f be z(-50). What is t(f)?
2
Let j(s) be the third derivative of -s**7/5040 - 7*s**6/720 - s**5/60 + s**3/6 + 58*s**2. Let h(m) be the third derivative of j(m). Determine h(7).
-14
Let t(i) = 12*i**3 - 7*i**2 + 6*i + 6. Let n(l) = -4 + 19 + 6*l**3 + 4*l**3 - 10 + 5*l - 6*l**2. Let r(u) = 7*n(u) - 6*t(u). Determine r(-2).
17
Let v be (14/504)/(57/(-2052)). Let b(y) be the third derivative of -y**5/12 + y**3/6 + y**2. Calculate b(v).
-4
Let c = -85 - -170. Let v(w) = c - 42 - 2*w + 3*w - 46. Give v(7).
4
Let a(s) = 6*s - 36. Suppose -21 = k - 32*z + 27*z, 0 = 4*k - 5*z + 9. Determine a(k).
-12
Let o(s) = -11*s + 18. Let y(d) = -12*d + 38. Let h(l) = 5*o(l) - 3*y(l). Calculate h(-4).
52
Let x(o) be the second derivative of o**4/6 + o**3/6 + 11*o**2/2 - 2068*o. What is x(0)?
11
Let z be (75 - 4077/54)*1/(1/(-2)). Let x(d) be the first derivative of -3*d**4/4 - d**2/2 + 2*d - 2. Let l(m) be the first derivative of x(m). Calculate l(z).
-10
Let o = 393 - 348. Suppose -o*t = -40*t + 25. Let j(s) be the second derivative of -s**3/3 - 2*s**2 - 2*s. Determine j(t).
6
Let v = 28456 + -28454. Let o(u) = 18*u**2 - 42*u + 10. Determine o(v).
-2
Let g(f) = 53*f**2 + 44*f + 37. Let r(p) = 70*p**2 + 43*p + 40. Let z(o) = 4*g(o) - 3*r(o). Determine z(-23).
5
Suppose 29*m = 33*m - 20. Let y(o) = 7*o**2 - 15*o + 1. Let k(i) = 12*i**2 - 29*i + 2. Let v(d) = m*y(d) - 3*k(d). Give v(13).
-14
Let g(j) be the second derivative of -j**5/20 - 5*j**4/4 + 11*j**3/6 - 2*j**2 - 2*j - 1383. What is g(-16)?
76
Let n(d) = d**2 + d - 68. Let g(a) = a**2 - 68. Let x(j) = 6*g(j) - 4*n(j). Let c(h) be the first derivative of x(h). Determine c(3).
8
Let z(v) be the first derivative of v**3/3 - 27*v**2/2 - 6*v + 789. Give z(28).
22
Let v(x) = x**2 - 2*x - 5. Let k be (-8)/20 - 36/(-15). Suppose 4*a = -k*t - a + 4, 3 = t + 2*a. Give v(t).
30
Let d(n) be the third derivative of -21*n**2 + 0*n + 1/24*n**4 - 1 + 5/3*n**3. Determine d(-12).
-2
Let h(d) be the third derivative of d**5/60 - 7*d**4/8 + 25*d**3/6 - 10387*d**2. What is h(20)?
5
Let t(m) be the third derivative of m**5/60 + 19*m**4/24 + 5*m**3/6 - 109*m**2. Give t(-17).
-29
Let h = 13 + -7. Suppose -2*y + 122683 = -3*d, d - 62419 = -3*y + 121622. Let v(i) = 4 - 5 + y*i - 61347*i - 4. Calculate v(h).
-11
Let t(y) = 2*y**3 - 10*y**2 + 75*y + 20. Let r(z) = z**3 - 5*z**2 + 29*z + 9. Let g(k) = 5*r(k) - 2*t(k). What is g(3)?
-28
Let t(k) = -8*k**3 - 54*k**2 + 15*k + 1. Let l = -11283 - -11276. Give t(l).
-6
Let r(f) be the second derivative of 0 + 3/2*f**3 - 9*f**2 + 7/24*f**4 - 37*f + 1/60*f**5. Let k(i) be the first derivative of r(i). What is k(-6)?
3
Let i(q) = -q**3 - 12*q**2 + 13*q - 3. Suppose 0 = -2*k - 2*f - 18, -2*k - 61 = 3*k + f. Let o be i(k). Let n(g) = 2*g + 3. Give n(o).
-3
Let d(s) be the third derivative of 0 - s**2 + 1/24*s**4 + 1/60*s**5 + 0*s**3 + 0*s. Suppose -6177 + 6167 = 3*a - 2*n, a = -4*n - 4*n + 66. Calculate d(a).
6
Let a(d) = d**3 + 3*d**2 + 5. Let i = -84 - -90. Let l = 55 + -52. Suppose l*n - i = -18. Determine a(n).
-11
Let t(w) = -2*w**2 - 21*w - 82. Let n(a) = a**2 + a. Let v(j) = -n(j) - t(j). Let d be v(-13). Let i(g) = g**3 + 10*g**2 + 8*g - 10. Give i(d).
-1
Let t(l) be the second derivative of -l**5/20 - 19*l**4/6 + 13*l**3/2 - l**2/2 + 14*l. Let c be t(-39). Let k(g) = 3*g + 2. What is k(c)?
-1
Suppose 0 = -4*x - 2*v, 3*x + 2*v = -0*x. Let z(s) = 1 - s**2 - 32*s**3 + 31*s**3 - 31. Determine z(x).
-30
Let l(c) = -5 - 23*c**2 + 0 + 18*c**2 + 0 + 6*c + 4*c**2. Determine l(7).
-12
Let t(y) = -17 - y**3 - 17*y - 18*y + 2 - 6 + y**2 - 20*y**2. What is t(-17)?
-4
Suppose -242 = -10*k + 98. Let o(v) = v**2 - 38*v + 136. Determine o(k).
0
Suppose -4*v = -4*a + 7*a - 768, 0 = 4*a - 2*v - 1002. Let n(m) = -128*m - 9 - 122*m + a*m. Calculate n(8).
7
Let b be (-3)/((-24)/106) + 6/8. Suppose -2*f + b = 5*f. Let s be ((-3)/f)/((-63)/12 + 5). Let g(h) = h**2 - 6*h + 5. Give g(s).
5
Let r(i) be the first derivative of -i**2/2 - 8*i - 2. Suppose -2 = c - 7. Suppose -5*v - c*v = 70. Give r(v).
-1
Let t(h) = 5*h + 13. Let k(q) = 21*q + 52. Let y(i) = -6*k(i) + 26*t(i). Suppose -2*c = 5*z + 29 + 4, 0 = -5*z + 4*c - 9. Give y(z).
6
Let q(r) = -101*r + 18*r + 25*r + 29*r - 4 + 28*r. Suppose 0 = -0*g + g + 6. Give q(g).
2
Let f(g) = -27*g - 101. Let j be (225 - 233)*1/2. What is f(j)?
7
Suppose -u + 30 = 2*u. Let w(d) = 54*d**3 - 13*d**2 - 48*d + 27. Let f(o) = -19*o**3 + 4*o**2 + 17*o - 9. Let t(g) = 17*f(g) + 6*w(g). What is t(u)?
19
Suppose 7*k = 3*b + 6*k - 208, 4*b - 2*k = 274. Let r = b + -57. Let d be r/(-105) - 39/45. Let s(u) = 7*u**3 - u. Calculate s(d).
-6
Let g be (0 - (1 - 2)) + 3. Let c(a) be the first derivative of a**4/24 - 47*a**2/2 - 47. Let p(u) be the second derivative of c(u). Give p(g).
4
Let a(k) = -k + 3. Let b(h) = -12*h + 229. Let t be b(5). Suppose 187*j - t*j - 18 = 0. What is a(j)?
2
Let s(y) = y**3 + 12*y**2 + 11*y - 3. Let t(i) = i**3 + 9*i**2 + 21*i + 39. Let f be t(-7). What is s(f)?
87
Let b(j) = -9*j - 55. Let u be -3 + (-18)/6 + 1. Let g be b(u). Let t(l) = -l - 3. What is t(g)?
7
Let a be 2/(26/(-143)) + (2 - -4). Let s(m) be the third derivative of -m**6/60 - m**5/6 + m**4/12 + 7*m**3/6 - 2*m**2. Calculate s(a).
-3
Let a(q) = q**2 + 5*q + 16. Suppose -4*g = -4*v - 8, g = -55*v + 50*v - 34. Give a(g).
12
Let z(b) = b**2 + 7*b + 2. Suppose p + 9 = 4*p. Let o(q) = q**2 - 4*q. Let k be o(-6). Suppose k = -p*c - 9*c. What is z(c)?
-8
Let q(o) be the first derivative of o**6/360 - 3*o**5/40 + 11*o**4/24 - 289*o**3/3 - 277. Let p(l) be the third derivative of q(l). Calculate p(6).
-7
Let h(v) = v**3 + 16*v**2 + 3*v + 51. Suppose 2*x + 5*n = -7, 190*n - 193*n - 65 = 5*x. What is h(x)?
3
Let x(b) = 4*b + 5. Let m(l) = 0 + 0 - 391*l + 390*l. Let s(q) = -2*m(q) - x(q). Determine s(-4).
3
Let k(w) be the third derivative of w**5/60 - 2*w**4/3 - 31*w**3/2 + 101*w**2 - 2*w. Calculate k(21).
12
Let l = 903 - 893. Suppose -l*a = -4*f - 6*a + 44, -2*a = 4*f - 68. Let c(h) = h - 16. Determine c(f).
-1
Let i = -1 + 5. Let j(g) be the first derivative of -g**4/12 + g**3/2 - 2*g + 18. Let m(z) be the first derivative of j(z). Give m(i).
-4
Let r(w) be the second derivative of 0 + 1/20*w**5 + 1/2*w**2 + 69*w - 1/2*w**4 - 4/3*w**3. Calculate r(7).
-6
Let q(x) = x**3 - x**2 - x + 1. Let y be q(-1). Let d be y/(0 + 5) - -3. Let g(p) be the first derivative of -p**4/4 + p**3 - p**2 - 3*p + 5. Calculate g(d).
-9
Suppose 2*x = -0*x + 10. Let u(n) = 100. Let y(m) = m - 168. Let f(k) = 5*u(k) + 3*y(k). Calculate f(x).
11
Let r be (0 + 1/3)/((-21)/(-189)). Let g(q) be the first derivative of -2*q**2 + 5*q + 2. Let c be g(r). Let m(u) = u**3 + 6*u**2 - 5*u + 8. Calculate m(c).
-6
Suppose -185 + 29 = -13*w. Let a be ((-18)/w)/((-3)/(-10)). Let q(v) = v**2 + 2*v + 2. What is q(a)?
17
Suppose -48 + 20 = -r + n, 3*r - n = 92. Let t(